 u be k(-8). Suppose 3*y = -5*d + 13, 2*y - y + u*d = 6. List the prime factors of ((-99)/(-18))/((-2)/y).
11
Suppose -5398 = -9*y + 1244. List the prime factors of y.
2, 3, 41
Let f(t) = 2*t**3 + t**2 - 3*t - 1. Let q be f(-2). Let p(c) = -c**2 - 7*c + 1. Let o be p(q). Let h = 3 + o. What are the prime factors of h?
2
Suppose -2*u - 12 - 4 = -4*f, -4*u - 4*f = -28. Suppose -u*t + 180 = 2*t. What are the prime factors of ((-36)/t)/((-2)/65)?
2, 13
Suppose -5*p - 4*u = -299, 239 = 4*p - u + 4*u. List the prime factors of p - (2*1 - (4 - 3)).
2, 29
Suppose a - 2*a = -3*x - 1391, 5*a = x + 6983. What are the prime factors of a?
11, 127
Let r be (35/10 - 6)/((-2)/4). Let n(i) = 8*i - 31. List the prime factors of n(r).
3
Suppose 5 + 72 = 3*n - 4*a, -125 = -5*n + 5*a. What are the prime factors of n + (2/(-2) - -2)?
2, 3
Let n = -1532 - -2820. What are the prime factors of n?
2, 7, 23
Let h = 1620 + -958. What are the prime factors of h?
2, 331
Let v = -533 - -765. What are the prime factors of v?
2, 29
Let f(r) = -2*r**2 - 10. Let c be f(4). Let w = c + 101. What are the prime factors of w?
59
Let l = -988 - -1504. List the prime factors of l.
2, 3, 43
List the prime factors of (-118)/((-4 - 2)/54).
2, 3, 59
Suppose -5*t - 3 = -4*t. List the prime factors of (8/24 - (-4)/t) + 50.
7
Suppose -5*i = 2*k - 1, -2*k - i - 3 = -0*k. Let c be k/7 + 14640/84. Suppose 2*m = -m + c. What are the prime factors of m?
2, 29
Let f = -11 - -20. Suppose 0 = -15*h + 13*h - 40. List the prime factors of h*(f/3 - 4).
2, 5
Suppose -4*m - 1 = 39. Let f = m - -195. Suppose 3*n = -2*n + f. List the prime factors of n.
37
Suppose 0 = -3*t + r + 3824, -518 = -3*t - 2*r + 3300. List the prime factors of t.
2, 7, 13
Let o(l) = -l + 35. Let q = 5 - 22. List the prime factors of o(q).
2, 13
Let s be 18/((-2)/2*-1). List the prime factors of 1005/19 + s/171.
53
Let k be -3 + 2 + -1 + 2. Suppose a + k*a - 185 = 0. List the prime factors of a/6 + 1/6.
31
Let i = -718 - -859. List the prime factors of i.
3, 47
Let n(a) = -2 - 2 - 2*a + 10. List the prime factors of n(-6).
2, 3
Let c = -2042 - -3220. List the prime factors of c.
2, 19, 31
Let b = 369 + -199. List the prime factors of b.
2, 5, 17
Let l(o) = 2*o**2 - o - 2. Let u be l(4). Let t = -26 + u. Suppose 0 = -k + q + 1, t*k + 5*q = 3*k + 3. List the prime factors of k.
2
Let d = 693 - 116. Let z = d - 379. What are the prime factors of z?
2, 3, 11
Let a(t) = -t**3 + 2*t**2 + 5*t + 2. Let j be a(-3). Suppose 3*k = 4*v + j, -2*k + k - 4*v = 0. Suppose -h + 3 = -k. List the prime factors of h.
11
Let w(c) = c**3 + c**2 + 2. Let y(o) = o**2 + 5*o + 4. Let d be y(-5). Suppose 0 = -3*m - 0*m + 4*p - 20, 5*p = d*m + 25. List the prime factors of w(m).
2
Let b(p) = -p**3 - 2*p**2 - 4*p. Let i(u) = -u**3 - 3*u**2 - 5*u. Let g(j) = -5*b(j) + 4*i(j). What are the prime factors of g(3)?
3
Suppose 5*v = -i + 3549, -9*i + 14*i - 2856 = -4*v. List the prime factors of v.
709
Let f = -2742 + 4624. List the prime factors of f.
2, 941
Let r = -15 + 20. Suppose -r*i - 3*m + 729 = 0, 0*i - 4*m = -2*i + 276. List the prime factors of i.
2, 3
Let m(r) = 5*r - 1. Let h be m(-3). Let f = 10 - h. What are the prime factors of f/3*(-1 - -7)?
2, 13
Let b(n) = 34*n - 71. What are the prime factors of b(11)?
3, 101
Let q(t) = -t**3 - 15*t**2 - 18*t + 18. List the prime factors of q(-15).
2, 3
Let p(a) = -a**2 + 4*a + 1. Let f be p(2). Suppose 549 = -f*m + 224. What are the prime factors of ((-12)/10)/(2/m)?
3, 13
Suppose 2*o - 57 - 47 = 0. Let b be ((-1428)/595)/((-1)/(10/(-4))). List the prime factors of (-3)/(b/o) + -1.
5
Suppose -x + 5*a = -427, -205 = 4*x - 2*a - 1931. Suppose -3*b = 3*g + g - x, -535 = -5*g - 5*b. What are the prime factors of g?
3, 37
Let z = 499 + -71. What are the prime factors of z?
2, 107
Suppose 1395 = 3*k + 2*u, -3*k + 1140 = u - 255. What are the prime factors of k?
3, 5, 31
Suppose 3*l = h - 7, 3*h - 2*h - 10 = 2*l. Suppose n - h + 8 = 0. List the prime factors of (n/(-12))/((-2)/75).
5
Let y(j) = j**3 + 15*j**2 + 14*j - 3. List the prime factors of y(-12).
3, 29
What are the prime factors of (-7)/2*(-24848)/56?
1553
Suppose -4*d - 5 = -85. Suppose -20 - d = -5*h. Suppose 12*j = 16*j - h. List the prime factors of j.
2
Suppose 2*n + 98 = -4*q, 0 = -4*n + 2*q - 233 + 37. What are the prime factors of 837/7 + (-21)/n?
2, 3, 5
Let b = 42 + -39. Suppose -3*t + 300 = b*w, 0*t = -5*t + 4*w + 455. List the prime factors of t.
5, 19
Suppose -3*a + 7917 = 3*n, 6*a - 3*a = 2*n - 5258. List the prime factors of n.
5, 17, 31
Let s = 31 - 28. Suppose -s*r - 3*p = 6, -r + 0*r = -p - 6. List the prime factors of r.
2
Let m(v) = -v**3 - 2*v**2 - 3*v + 3. Suppose -12 - 10 = -2*k. Let z = 7 - k. List the prime factors of m(z).
47
Let u(t) be the second derivative of 1/6*t**4 + 0 - 1/20*t**5 + 0*t**2 + 2/3*t**3 - 9*t. What are the prime factors of u(-3)?
3, 11
Let c(z) = z**2 + z - 4. Let b be c(0). Let i be -8*(b - (-30)/8). Suppose i*t + 2*t - 45 = -w, 5*w - 4*t - 129 = 0. What are the prime factors of w?
29
Let v(z) = 3*z**3 - 43*z**2 - 3*z + 38. What are the prime factors of v(18)?
2, 887
Let x be (-3)/(-4) - -7*(-9)/4. What are the prime factors of (-160 + x)/(-1 - 0)?
5, 7
Let n(c) = c - 4. Let r be n(7). Suppose 52 = -r*o + 4*o. Suppose o = 5*l + 7. List the prime factors of l.
3
Suppose -31*a - 4638 = -37*a. What are the prime factors of a?
773
What are the prime factors of 7 - (-99)/(-15) - 1203/(-5)?
241
Let d = -1388 + 2793. What are the prime factors of d?
5, 281
What are the prime factors of (-2)/(-14) - (15504/(-56) + 0)?
277
What are the prime factors of (-1427)/((-9)/(-18) - 1)?
2, 1427
Let r be (-8 - -2)*(-1)/(-9)*6. Let c(z) = 11*z**2 + z - 7. What are the prime factors of c(r)?
3, 5, 11
Suppose 2*w + 4*w = 18. Suppose -p = b - 2 - 4, -w = -p. Suppose -3*i - 5*d + 29 = 0, d = -0*i + b*i - 41. What are the prime factors of i?
13
Let h(g) = g**3 + 30*g**2 - 79*g + 5. What are the prime factors of h(-26)?
11, 433
Let i = -80 + 79. List the prime factors of (-9 + 8)*(i + 0 - 50).
3, 17
Suppose 0*n = -4*n. Let v(m) = -8*m - m + 2 - m**2 + n*m. What are the prime factors of v(-9)?
2
Let z(t) = -91*t. Let i be z(-1). Suppose i = q + r, 0*q - 2*r + 88 = q. Let o = 134 - q. List the prime factors of o.
2, 5
Let f(k) be the third derivative of k**6/120 - k**5/10 + 5*k**4/12 - 5*k**3/3 - 12*k**2. What are the prime factors of f(7)?
109
Suppose 4*i + 5*t - 98 = 2*i, 216 = 5*i - 2*t. Let k(d) = -d**2 + 3*d + 2. Let a be k(3). What are the prime factors of -2 + (i/a - 1)?
19
Let s = -33 - -356. What are the prime factors of s?
17, 19
List the prime factors of 2/(-5) - (-72)/(-40)*-3.
5
Let d(g) = -g**2 + 45*g - 123. What are the prime factors of d(31)?
311
Let a(i) = -i**3 - 13*i**2 + 13*i - 2. Let y be a(-14). Suppose 0 = -y*j + 512 + 604. List the prime factors of j.
3, 31
Let o(j) = -j**3 + 11*j**2 - 9*j - 8. Let q be o(10). Suppose q - 12 = -2*p. Suppose -p*a - 3*i = -107 - 198, -a + 43 = -3*i. List the prime factors of a.
2, 29
Let b(l) = 6*l - 20. Let o be b(11). Suppose -3*a + o = -a + 4*i, -i = -4*a + 137. What are the prime factors of a?
3, 11
Let n = 0 - -2. Suppose 2*r = -3*k - 20 - 2, -n*r - 38 = 5*k. Let u(z) = -5*z - 20. What are the prime factors of u(k)?
2, 5
Let k(q) = q**2 - 2*q - 1. Let h be k(-1). What are the prime factors of 0 - (-65 + 6/h)?
2, 31
Suppose 0 = 3*v - 16 + 7. Suppose v*z = 73 + 11. What are the prime factors of z?
2, 7
Let f(c) = -166*c**2 - 6*c - 8. Let u(y) = -55*y**2 - 2*y - 3. Let r(m) = 4*f(m) - 11*u(m). Let n be r(1). Let o = -34 - n. What are the prime factors of o?
2, 13
Suppose 3430 = 9*q - 971. List the prime factors of q.
3, 163
Suppose -3*f = 2*t - 1307, 4*f - 13*t - 1716 = -9*t. What are the prime factors of f?
433
Suppose -2*f = 3*n - 137, -5*f + 3*f + n = -149. List the prime factors of f.
73
Let k(s) = -51*s + 14. Let f(i) = -i**3 - 8*i**2 - 2*i - 18. Let y be f(-8). List the prime factors of k(y).
2, 29
List the prime factors of -5 + 0 + 364689/117.
2, 389
Let g = -71 - -73. Suppose -3*a + 2*a + 4*j + 43 = 0, 4*a - 154 = -g*j. What are the prime factors of a?
3, 13
Suppose -2*h + 25 = -25. Suppose -5*z = -5*g + h + 5, -g = -5*z - 22. Suppose -112 = -g*o - 3*n + n, 4*o - 214 = -2*